t is the highest common factor of 211234 and 682?
62
What is the highest common factor of 26989 and 4247?
137
What is the greatest common factor of 7666153 and 157?
157
What is the highest common divisor of 128 and 1448?
8
Calculate the highest common factor of 3140 and 113480.
20
What is the greatest common factor of 503990 and 1515?
505
Calculate the highest common divisor of 5425 and 13475.
175
Calculate the highest common factor of 165 and 184170.
15
What is the greatest common factor of 97 and 980767?
97
Calculate the highest common factor of 186121 and 26.
13
What is the greatest common divisor of 95786 and 94?
94
What is the highest common divisor of 765 and 465?
15
What is the highest common factor of 21968 and 48?
16
What is the greatest common divisor of 203 and 731670?
29
Calculate the highest common divisor of 2894164 and 728.
364
Calculate the greatest common divisor of 404135 and 1965.
655
Calculate the greatest common divisor of 13 and 17613141.
13
Calculate the highest common factor of 39872 and 2968.
56
Calculate the highest common divisor of 10577 and 1.
1
What is the greatest common divisor of 1251305 and 275?
55
Calculate the highest common divisor of 108 and 564219.
27
What is the highest common divisor of 33227 and 894?
149
What is the greatest common divisor of 2827 and 70418?
257
What is the greatest common factor of 26 and 948389?
13
Calculate the highest common divisor of 640 and 7720.
40
Calculate the highest common divisor of 440 and 3178120.
440
What is the highest common factor of 18 and 396729?
9
Calculate the highest common divisor of 12100 and 100.
100
Calculate the highest common factor of 4873 and 174542.
443
What is the highest common divisor of 267 and 18779?
89
Calculate the highest common divisor of 25 and 46525.
25
Calculate the greatest common factor of 95396 and 1148.
28
What is the greatest common divisor of 2008 and 769566?
502
Calculate the highest common factor of 135177 and 738.
123
What is the highest common factor of 13200 and 9960?
120
What is the greatest common factor of 20295 and 25215?
615
Calculate the greatest common factor of 1860 and 750324.
372
Calculate the greatest common divisor of 2055 and 1781.
137
Calculate the highest common factor of 339 and 1412613.
339
What is the highest common divisor of 280738 and 3128?
782
What is the highest common factor of 13 and 419?
1
Calculate the greatest common divisor of 393 and 111.
3
What is the greatest common divisor of 50481 and 1491?
213
Calculate the greatest common divisor of 88 and 3324838.
22
What is the greatest common divisor of 2444 and 799?
47
What is the highest common factor of 1752 and 600?
24
What is the highest common divisor of 435 and 1200?
15
What is the greatest common factor of 4296600 and 12?
12
What is the greatest common factor of 409549 and 287?
287
What is the greatest common factor of 69 and 101683?
23
What is the greatest common divisor of 15334 and 78761?
697
What is the greatest common factor of 1325 and 15317?
53
What is the highest common factor of 657 and 7175097?
657
Calculate the highest common factor of 979392 and 384.
192
What is the greatest common factor of 106491 and 39?
3
What is the greatest common factor of 14326 and 3900?
26
Calculate the greatest common factor of 59668 and 3108.
28
What is the greatest common divisor of 16731 and 297?
99
Calculate the highest common divisor of 719948 and 19.
19
What is the greatest common factor of 10 and 758800?
10
What is the greatest common factor of 25842 and 24?
6
What is the highest common divisor of 1522755 and 1170?
585
What is the highest common factor of 22496 and 1615?
19
Calculate the greatest common divisor of 1267639 and 17.
17
What is the highest common divisor of 3 and 144073?
1
What is the greatest common factor of 1560 and 5031?
39
What is the highest common factor of 564 and 346?
2
Calculate the greatest common divisor of 1066585 and 305.
305
What is the greatest common factor of 14 and 1541505?
7
What is the greatest common divisor of 39065 and 5?
5
What is the greatest common divisor of 261 and 298323?
261
Calculate the highest common divisor of 48 and 36142.
2
What is the greatest common factor of 64 and 7206592?
64
What is the greatest common divisor of 74 and 6806?
2
What is the greatest common divisor of 147 and 15141?
147
Calculate the greatest common divisor of 11 and 14356859.
11
What is the highest common divisor of 6226 and 781?
11
What is the highest common factor of 7046 and 78?
26
Calculate the greatest common factor of 1044808 and 8296.
488
Calculate the greatest common divisor of 31747 and 7787.
599
What is the highest common factor of 505104 and 1224?
408
What is the highest common divisor of 368554 and 254?
254
What is the greatest common divisor of 63252 and 252?
252
What is the greatest common factor of 1476 and 54684?
36
What is the highest common divisor of 23272 and 16?
8
Calculate the highest common divisor of 22333 and 23304.
971
Calculate the highest common divisor of 23530 and 2896.
362
What is the greatest common divisor of 4350 and 1624?
58
What is the highest common divisor of 272 and 64804?
68
Calculate the greatest common divisor of 537115 and 71.
71
What is the greatest common divisor of 7018 and 1089?
121
Calculate the greatest common factor of 28 and 52.
4
Calculate the highest common factor of 1479370 and 30.
10
Calculate the highest common divisor of 2056565 and 175.
35
What is the highest common divisor of 125944 and 1300?
52
What is the greatest common divisor of 192 and 73176?
24
Calculate the greatest common divisor of 10071048 and 1146.
1146
Calculate the greatest common factor of 758534 and 98.
14
Calculate the greatest common divisor of 519 and 406031.
173
What is the greatest common factor of 1147 and 8399?
37
Calculate the greatest common divisor of 144 and 1608.
24
What is the highest common factor of 44 and 19382264?
44
What is the highest common factor of 92690 and 1380?
230
Calculate the highest common divisor of 24895 and 6955.
65
What is the highest common factor of 6716 and 460?
92
What is the highest common factor of 144 and 125988?
12
Calculate the highest common factor of 390651 and 5288.
661
What is the highest common divisor of 41 and 529?
1
What is the greatest common factor of 66756 and 276?
12
What is the greatest common divisor of 1156 and 1088?
68
What is the highest common factor of 11 and 5835170?
11
Calculate the highest common divisor of 111 and 559773.
111
Calculate the highest common factor of 16491 and 22563.
69
What is the highest common divisor of 1800 and 61020?
180
Calculate the greatest common factor of 59080 and 224.
56
What is the highest common factor of 5278 and 2912?
182
What is the greatest common divisor of 384 and 105088?
128
Calculate the highest common factor of 1539 and 2983.
19
Calculate the greatest common divisor of 3073 and 558.
1
What is the greatest common factor of 308 and 51436?
308
Calculate the highest common factor of 8421151 and 529.
529
What is the greatest common factor of 962887 and 29?
29
Calculate the highest common factor of 224 and 6629.
7
What is the highest common factor of 42856 and 104?
8
Calculate the greatest common factor of 3584 and 204176.
112
What is the greatest common factor of 5568 and 79692?
348
What is the highest common divisor of 4088 and 219000?
584
Calculate the greatest common divisor of 1295 and 6362335.
1295
What is the highest common divisor of 93958 and 2943?
109
Calculate the greatest common factor of 40051 and 331.
331
What is the highest common divisor of 200 and 105890?
10
Calculate the highest common factor of 50 and 128.
2
Calculate the greatest common factor of 531 and 45.
9
Calculate the greatest common factor of 398797 and 322.
161
What is the greatest common factor of 11556 and 8604?
36
What is the highest common factor of 393 and 707793?
393
What is the greatest common factor of 6648 and 9864?
24
Calculate the greatest common divisor of 1111092 and 795.
159
Calculate the greatest common factor of 36 and 76122.
18
Calculate the greatest common divisor of 4936 and 120.
8
What is the greatest common divisor of 1920 and 52320?
480
Calculate the greatest common factor of 433251 and 147.
21
Calculate the highes